3*b, -5*b = 5*y - 110. Let c be (-5)/b + 14/(-8). Let u(d) = d**3 + 3*d**2 - 2*d - 2. What is u(c)?
6
Let v(q) be the third derivative of -q**4/24 + 5*q**3/3 + 131*q**2. Suppose 6*m + 3*y - 51 = 2*m, -5*m - y + 50 = 0. What is v(m)?
1
Let n(u) be the first derivative of -5/2*u**2 + 0*u + 1/24*u**4 + 7/6*u**3 + 6. Let b(k) be the second derivative of n(k). Determine b(-7).
0
Suppose 6 = 4*m - 14. Suppose -n + m*o + 14 = 0, -5*o - 28 = 2*n - o. Let c(y) = -y - 4. What is c(n)?
2
Let i = -153 + 157. Let h(w) be the first derivative of -2*w**2 + 5 - 1/3*w**3 + i*w. Calculate h(-3).
7
Let d(u) = -u**3 - 7*u**2 - u. Let r be 285/(-40) - 1/(-8). Calculate d(r).
7
Let u(a) = -4*a + 4. Let w(r) = 3*r - 3. Let n(o) = -4*u(o) - 5*w(o). Suppose 0 = -3*i - 2*i + 10. Suppose -2*k = i*j - 20, j - 6*j = -5*k. Calculate n(j).
4
Let z(j) = -15*j**2 - j + 9. Let y(l) = 43*l**2 + 3*l - 26. Let o(p) = 6*y(p) + 17*z(p). What is o(-4)?
41
Let m(d) be the second derivative of d**3 + 2*d**2 - 4*d + 0 + 1/12*d**4. Determine m(-6).
4
Let q(i) = -4*i + 1. Suppose 5*v - 5 = 5*o, -v - 9 = -4*v. Suppose -7 + 5 = o*w. Determine q(w).
5
Let y(v) = v**3 + 4*v**2 + v + 8. Let n = -9 + 5. Let s be y(n). Let c(f) = -2*f**2 + 5*f - 5. Give c(s).
-17
Suppose 6*i - i + 20 = 0. Let r(s) be the third derivative of 8*s**2 + 0*s + 1/4*s**4 + 0*s**3 + 1/120*s**6 + 1/10*s**5 + 0. Give r(i).
8
Let j = -428 - -428. Let q(n) be the second derivative of -n**5/20 - n**4/12 + n**3/6 - 15*n**2/2 + n. Determine q(j).
-15
Let l = -10 - -12. Let p(b) = -5 + 6 + 0*b + 2*b - 3*b**l. What is p(-1)?
-4
Let b = 547 - 544. Let q(o) = -2*o**2 + 4*o. What is q(b)?
-6
Let r = -1523 + 1523. Let y(p) = -p**3 - p**2 + 2*p - 7. Give y(r).
-7
Let n(h) = 3*h**2 - 2*h + 1. Suppose 186 = -12*v + 66. Let w = v - -11. Give n(w).
2
Let f be 0/(6*3/(-6)). Let t(u) = f - 7*u - 3 - 1 + 9*u. Give t(5).
6
Let i = -6 + 0. Let w(x) = 7 - 2*x**2 - 4*x**2 + 12140*x**3 - 12141*x**3. Calculate w(i).
7
Suppose 10*j = -183 + 123. Let i(v) = -3*v + 4. What is i(j)?
22
Let n = -30 + 52. Let d(t) = 160*t - n - 162*t + 7. Calculate d(-10).
5
Let w(q) = -8*q + 164. Let f be w(20). Let i(s) = 6*s - 9. Determine i(f).
15
Let o(j) be the second derivative of -j**4/12 + j**3/6 - j**2/2 - j - 121. Let p be 4/(-6) - 4/(-6). Suppose p = 6*i - 2*i. Calculate o(i).
-1
Let s be ((-8)/12)/(12/(-54)). Let u(y) = y - 120*y**3 + y**2 + s + 60*y**3 + 61*y**3. Determine u(0).
3
Let a(x) be the third derivative of x**5/60 + 2*x**3/3 - 259*x**2 + 1. Give a(4).
20
Let t(d) be the second derivative of -d**3/6 - 7*d**2/2 + 10*d. Suppose -3*n = -9*z + 5*z - 4, -2*n + 5*z + 12 = 0. Give t(n).
-3
Let z(r) = -r**2 - 6*r - 6. Suppose -20 = 3*c - 56. Let i be 20/(-3)*c/(-10). Let s be i/10 - 204/30. Give z(s).
-6
Let f be 2*7*(-15 - -16). Suppose -15*v = -f*v. Let k(r) be the third derivative of r**5/60 + r**4/24 + r**3/3 - r**2. Give k(v).
2
Suppose -5*l + 20 = w, -3*l - w - 3 = -17. Let i(x) = -x - 1. Calculate i(l).
-4
Let k be 3/(-2)*444/(-9). Let o(n) = 0 - k*n + 73*n - 3. Give o(5).
-8
Let v(x) = x**3 - 8*x**2 + 7*x - 8. Let f be v(7). Let c = -15 - f. Let t(k) = -k**2 - 8*k - 6. Calculate t(c).
1
Let x(y) = y**2 - 8*y + 8. Let v be 476/84 - (-1)/3. Calculate x(v).
-4
Let a = -1/23 - -26/69. Let o(j) be the second derivative of a*j**3 + 4*j - 1/20*j**5 + 1/4*j**4 + 0*j**2 + 0. Determine o(2).
8
Suppose 119 = -3*h + i, -4*h = -h - 3*i + 117. Let r = 41 + h. Let g(o) = -3*o - 1. Give g(r).
-4
Let n be (-92)/22 + (-5)/((-165)/6). Let t(w) = 5*w - 4. Let q(m) = 1. Let c(a) = 3*q(a) + t(a). Determine c(n).
-21
Let q(i) = 11*i + 32. Let l be q(-3). Let m(d) = -15*d**2 - d. Give m(l).
-14
Let p(t) = -t - t**2 - 3*t - 2 + 5*t. Suppose -5*v - 163 = 2*f, 2*f + 202 = -f + v. Let d = f - -69. What is p(d)?
-2
Let y(q) = -q**2 - 8*q - 1. Suppose s = -f, 0 = -7*s + 2*s - 3*f. Suppose 20 = -s*k - k. Let o be k/3 + 10/15. Calculate y(o).
11
Let d(o) = -o**2 + 2*o + 7. Let s be d(3). Suppose 0*p = -2*l + 2*p + s, -p - 11 = -4*l. Let z(v) = -v**2 + 2*v - 4. What is z(l)?
-7
Let q(k) = -k**3 + 6*k**2 - k - 5. Let r(y) = -y**3 + 16*y**2 - 13*y - 21. Let a be r(15). Suppose 13*u - 20 = a*u. Calculate q(u).
15
Let i(h) = 6*h - 2*h**3 - 18*h - 2*h - 9 + h**3 + 5*h + 11*h**2. Determine i(10).
1
Let s(y) = 5*y - 10. Let b(h) = 26*h - 50. Let c(u) = 2*b(u) - 11*s(u). Give c(9).
-17
Let o be 4 - 5*((-145)/25 + 5). Let p(w) = -2*w - 2. Calculate p(o).
-18
Let y(d) be the second derivative of 5*d**2 - 7*d + 0 - 1/6*d**3. Suppose -4*p = -2*p. Calculate y(p).
10
Let v(w) = -4*w**3 + 2*w - 8*w**3 - 1 - 4*w + 7*w**3. Let m be v(-1). Let o(i) = -i**3 + 7*i**2 - 6*i + 7. Give o(m).
7
Let p(n) be the third derivative of n**7/2520 + 7*n**6/720 + 7*n**5/120 - 11*n**4/24 - 5*n**2. Let k(b) be the second derivative of p(b). Give k(-6).
1
Let z(r) be the second derivative of -r**4/12 + r**3 - r**2/2 - 3*r. Let u = -94 + 98. Determine z(u).
7
Let k(l) = 5*l**2 - 3*l + 1. Suppose -2*f + 8 = -3*p - 9, 5*f = 9*p + 50. Determine k(f).
3
Let x(a) be the third derivative of -a**4/12 + 11*a**3/6 + 35*a**2 + 4*a. Determine x(8).
-5
Suppose 0 = -4*i + 2*u + 18, 0 = -2*i - 9*u + 7*u + 24. Let j(x) be the first derivative of -i*x + 0*x**2 + 5/3*x**3 + 3 + 1/4*x**4. Calculate j(-5).
-7
Let w be 94/30 + 16/(-120). Let o(c) = -w*c**2 + 5*c**2 - c**2 + 3*c + 2 + 0*c. What is o(-5)?
12
Let w be 16/12*(-15)/(-2). Let c be (w/4)/((-2)/4). Let k(v) be the first derivative of v**2 + 6*v + 26. What is k(c)?
-4
Let g(n) = n. Let b(s) = -12*s + 1. Let u(j) = b(j) + 3*g(j). Let c be u(-1). Suppose i = 4 - c. Let a(x) = -x - 7. What is a(i)?
-1
Let v(c) = 7*c**2 + 34*c - 19. Let p(o) = 3*o**2 + 16*o - 10. Let u(h) = 9*p(h) - 4*v(h). Calculate u(7).
-7
Let m(i) be the third derivative of -i**4/12 + i**3/6 + 224*i**2. Suppose -3*a + d = -0*a + 17, 4 = -4*d. Determine m(a).
13
Let u(x) = -x**2 - 12*x - 9. Let m(b) = -b**2 - 11*b + 201. Let q be m(10). Calculate u(q).
18
Let f(v) = v**3 - 6*v**2 + 6*v - 6. Suppose 9*u = 7*u + 12. Calculate f(u).
30
Let i(k) be the first derivative of -k**6/120 - k**5/20 + k**4/6 - k**2 - 13. Let f(t) be the second derivative of i(t). Determine f(-4).
0
Let b = 10841/12 - 903. Let h(d) be the second derivative of d**3 - 4*d + 0 + 2*d**2 - b*d**4 - 1/20*d**5. Give h(-6).
4
Let d(u) be the third derivative of 1/60*u**5 + 1/3*u**3 + 0 + 0*u + 5*u**2 + 1/24*u**4. Determine d(0).
2
Let y(c) be the second derivative of -c**5/20 - c**4/3 + 5*c**3/6 - c**2/2 + 311*c - 3. Let t = -12 - -7. What is y(t)?
-1
Let n(j) = j + 1. Let t = -2 - 0. Let l(w) = w**3 + 4*w**2 + w - 1. Let i be l(t). Suppose 13 = 2*g - i*k, -g + 1 = -3*k - 6. Determine n(g).
5
Let v(f) be the first derivative of -f**4/4 + 5*f**3/3 - 3*f**2/2 + 4*f - 1. Suppose 0 = 4*m - 4*w - 8, -3 = 2*w - 7. What is v(m)?
8
Let d(t) = t**3 + t. Let k(b) = 5*b**3 - 8*b**2 - b + 5. Let p(v) = 6*d(v) - k(v). Let n be -64 + 62 + (-6 - -1). Calculate p(n).
-5
Suppose -4*y + 33 = -7. Let k(p) = -11 - 4*p + 12 + 9*p + y*p. Give k(-1).
-14
Suppose -4*p = -0*p - 12. Let n(i) = 1 + p*i**2 + 0*i - 7*i**2 - 2*i + 5*i**2. Calculate n(2).
1
Let b(o) = 66*o + 9. Let p(g) = 56*g + 9. Let c(y) = 6*b(y) - 7*p(y). Suppose 0 = j - 4*j. Suppose l + r - 4 = -j*l, l - 14 = 4*r. Determine c(l).
15
Let l = -3 + 0. Let j be ((-5)/l)/(2/6). Let w(u) = u**2 - 7*u + 4. Give w(j).
-6
Suppose -6 = w - 4*p + 2, 6 = 3*p. Suppose w*y + 2*y = 0. Suppose l - 1 + 0 = y. Let c(s) = s**3 - 2*s + 1. Calculate c(l).
0
Suppose -3 + 19 = b. Let y(c) = -c + 16. Give y(b).
0
Let i(y) = y**2 - 9*y - 367. Let z be i(24). Let n(a) = -a**2 - 3*a - 1. Determine n(z).
-29
Let i(o) = 10*o - 14. Let r(t) = 9*t - 15. Let f(w) = 5*i(w) - 6*r(w). Give f(6).
-4
Let m = 5 - 2. Let u(o) = m - 2*o + 7 - 2 + o. Suppose 4*g + 5 = 3*g + 5*t, -4*t = 3*g - 4. Determine u(g).
8
Suppose 6*v + 840 = 3*v. Let h be 3 - (v/(-2))/4. Let l = 26 + h. Let o(p) = -p - 2. Calculate o(l).
4
Let k(q) = -16*q**3 + 6*q**2 + 1. Let t(z) = -48*z**3 + 17*z**2 + 3. Let a(w) = 17*k(w) - 6*t(w). Calculate a(1).
15
Let r = 4 + -1. Let d(f) be the third derivative of -f**5/40 + f**4/8 - 15*f**3/2 - 30*f**2. Let p(z) be the first derivative of d(z). Calculate p(r).
-6
Suppose -31*m - 96*m - 4*m = 131. Suppose 0 = 6*z - z - 20. Let